{"id":101,"date":"2022-03-02T11:36:16","date_gmt":"2022-03-02T11:36:16","guid":{"rendered":"http:\/\/www.nunegal.com\/web\/?page_id=101"},"modified":"2024-07-18T12:35:54","modified_gmt":"2024-07-18T12:35:54","slug":"politica-de-privacidad","status":"publish","type":"page","link":"https:\/\/www.nunegal.com\/web\/politica-de-privacidad\/","title":{"rendered":"Pol\u00edtica de privacidad"},"content":{"rendered":"\n<p class=\"has-text-color\" style=\"color:#0f0067\"><strong>La visita a este sitio Web no implica que el usuario est\u00e9 obligado a facilitar ninguna informaci\u00f3n. En el caso de que el usuario facilite alguna informaci\u00f3n de car\u00e1cter personal, los datos recogidos en este sitio web ser\u00e1n tratados de forma leal y l\u00edcita con sujeci\u00f3n en todo momento a los principios y derechos recogidos en el Reglamento (UE) 2016\/679, de 27 de abril de 2016, General de Protecci\u00f3n de Datos (RGPD) y dem\u00e1s normativa aplicable.<\/strong><\/p>\n\n\n\n<p>En cumplimiento de lo dispuesto en el art\u00edculo 13 del RGPD te informamos de lo siguiente:<\/p>\n\n\n\n<p>1.   <strong>RESPONSABLE<\/strong><\/p>\n\n\n\n<ul class=\"wp-block-list\">\n<li><strong>Datos de contacto del Responsable<\/strong><\/li>\n<\/ul>\n\n\n\n<p>El responsable de los datos recabados mediante esta web es NUNEGAL CONSULTING, S.L. con direcci\u00f3n C\/COPERNICO, 1 3\u00baB, 15008, CORU\u00d1A, A (A CORU\u00d1A) Y CIF B70150453. Usted podr\u00e1 contactar con el responsable mediante el siguiente email maypi.cotelo@nunegal.com o en el tel\u00e9fono 881 545 470.<\/p>\n\n\n\n<ul class=\"wp-block-list\">\n<li><strong>Identidad y datos de contacto del representante<\/strong><\/li>\n<\/ul>\n\n\n\n<p>Mar\u00eda del Pilar Cotelo Pati\u00f1o<\/p>\n\n\n\n<p>2.<strong>   FINALIDAD<\/strong><\/p>\n\n\n\n<ul class=\"wp-block-list\">\n<li><strong>Descripci\u00f3n ampliada de los fines del tratamiento<\/strong><\/li>\n<\/ul>\n\n\n\n<p>Gesti\u00f3n de clientes, contable, fiscal y administrativa<\/p>\n\n\n\n<p>Publicidad y prospecci\u00f3n comercial<\/p>\n\n\n\n<p>Recepci\u00f3n de Curr\u00edculums o solicitudes de empleo<\/p>\n\n\n\n<ul class=\"wp-block-list\">\n<li><strong>Plazos o criterios de conservaci\u00f3n de los datos<\/strong><\/li>\n<\/ul>\n\n\n\n<p>Conservaremos los datos durante el tiempo que sea necesario para atender la solicitud y cumplir con las obligaciones legales exigidas.<\/p>\n\n\n\n<p>Los datos que usted nos ha facilitado ser\u00e1n conservados mientras sean necesarios para las finalidades indicadas en el punto 2.A., o tambi\u00e9n ser\u00e1n almacenadas por el tiempo exigido por distintas legislaciones aplicables.<\/p>\n\n\n\n<ul class=\"wp-block-list\">\n<li><strong><strong>Decisiones automatizadas, perfiles y l\u00f3gica aplicada<\/strong><\/strong><\/li>\n<\/ul>\n\n\n\n<p>Los datos recogidos mediante la p\u00e1gina web no ser\u00e1n utilizados para tomar decisiones automatizadas.<\/p>\n\n\n\n<p>3.   <strong>LEGITIMACION<\/strong><\/p>\n\n\n\n<ul class=\"wp-block-list\">\n<li><strong>Legislaci\u00f3n aplicable<\/strong><\/li>\n<\/ul>\n\n\n\n<p>La legislaci\u00f3n aplicada es el Reglamento General de Protecci\u00f3n de Datos 2016\/679 de 27 de abril de 2016 as\u00ed como la Ley Org\u00e1nica 3\/2018, de 5 de diciembre, de Protecci\u00f3n de Datos Personales y garant\u00eda de los derechos digitales.<\/p>\n\n\n\n<ul class=\"wp-block-list\">\n<li><strong><strong>Detalles de la base jur\u00eddica del tratamiento, en los casos de obligaci\u00f3n legal, inter\u00e9s p\u00fablico o inter\u00e9s p\u00fablico o inter\u00e9s leg\u00edtimo<\/strong><\/strong><\/li>\n<\/ul>\n\n\n\n<p>Art. 6, apartado 1 letra a. Que considera el consentimiento del interesado como una base leg\u00edtima para el tratamiento de datos personales contenidos en este fichero.<\/p>\n\n\n\n<ul class=\"wp-block-list\">\n<li><strong><strong><strong>Obligaci\u00f3n o no de facilitar datos y consecuencias de no hacerlo<\/strong><\/strong><\/strong><\/li>\n<\/ul>\n\n\n\n<p>No est\u00e1 obligado a facilitarnos los datos, sin embargo, ser\u00e1 necesario para poder gestionar las sugerencias o peticiones que necesite hacernos mediante la p\u00e1gina web.<\/p>\n\n\n\n<p>4.   <strong>DESTINATARIOS<\/strong><\/p>\n\n\n\n<ul class=\"wp-block-list\">\n<li><strong>Destinatarios<\/strong><\/li>\n<\/ul>\n\n\n\n<p>&nbsp;Organizaciones o personas directamente relacionadas con la empresa, Administraci\u00f3n p\u00fablica&nbsp; &nbsp;con competencia en la materia.<\/p>\n\n\n\n<ul class=\"wp-block-list\">\n<li><strong><strong>Destinatarios espec\u00edficos<\/strong><\/strong><\/li>\n<\/ul>\n\n\n\n<p>Es posible que encargados de tratamiento puedan acceder a los datos facilitados mediante esta p\u00e1gina web por el ejercicio de sus funciones de mantenimiento.<\/p>\n\n\n\n<ul class=\"wp-block-list\">\n<li><strong><strong>Decisiones de adecuaci\u00f3n, garant\u00edas, normas corporativas vinculantes o situaciones espec\u00edficas aplicables<\/strong><\/strong><\/li>\n<\/ul>\n\n\n\n<p>No existen.<\/p>\n\n\n\n<ul class=\"wp-block-list\">\n<li><strong><strong>Transferencias internacionales<\/strong><\/strong><\/li>\n<\/ul>\n\n\n\n<p>No existen.<\/p>\n\n\n\n<p>5.   <strong>DERECHOS<\/strong><\/p>\n\n\n\n<ul class=\"wp-block-list\">\n<li><strong>C\u00f3mo ejercer los derechos de acceso, rectificaci\u00f3n, supresi\u00f3n y portabilidad de sus datos, y la limitaci\u00f3n u oposici\u00f3n a su tratamiento<\/strong><\/li>\n<\/ul>\n\n\n\n<p>El interesado podr\u00e1 conocer, modificar, o eliminar los datos que la empresa posea acerca de su persona mediante correo electr\u00f3nico facilitando su DNI o bien por correo postal a C\/COPERNICO, 1 3\u00baB, 15008, CORU\u00d1A, A ( A CORU\u00d1A). El interesado podr\u00e1 transferir sus datos a otra entidad o bien limitar los ya existentes que la empresa posea acerca de su persona mediante correo electr\u00f3nico facilitando su DNI o bien por correo postal a C\/COPERNICO, 1 3\u00baB, 15008, CORU\u00d1A, A (A CORU\u00d1A).<\/p>\n\n\n\n<ul class=\"wp-block-list\">\n<li><strong><strong>Derecho a retirar el Consentimiento prestado<\/strong><\/strong><\/li>\n<\/ul>\n\n\n\n<p>El interesado podr\u00e1 retirar los datos que la empresa posee acerca de su persona mediante correo electr\u00f3nico facilitando su DNI o bien por correo postal a C\/COPERNICO, 1 3\u00baB, 15008, CORU\u00d1A, A (A CORU\u00d1A).<\/p>\n\n\n\n<ul class=\"wp-block-list\">\n<li><strong><strong>Derecho a reclamar ante la Autoridad de Control<\/strong><\/strong><\/li>\n<\/ul>\n\n\n\n<p>El interesado podr\u00e1 reclamar ante la Agencia Espa\u00f1ola de Protecci\u00f3n de Datos acerca de toda incidencia que pueda surgirle.<\/p>\n\n\n\n<p>6.   <strong>PROCEDENCIA<\/strong><\/p>\n\n\n\n<ul class=\"wp-block-list\">\n<li><strong>Informaci\u00f3n detallada del origen de los datos<\/strong><\/li>\n<\/ul>\n\n\n\n<p>Facilitados por el propio interesado<\/p>\n\n\n\n<ul class=\"wp-block-list\">\n<li><strong><strong>Categor\u00edas de datos que se tratan<\/strong><\/strong><\/li>\n<\/ul>\n\n\n\n<p>Nombre y Apellidos<\/p>\n\n\n\n<p>Email<\/p>\n\n\n\n<p>NIF\/DNI\/NIE<\/p>\n\n\n\n<p>Direcci\u00f3n<\/p>\n\n\n\n<p>Tel\u00e9fono<\/p>\n\n\n\n<p>Fecha actualizaci\u00f3n: 16\/03\/2021<\/p>\n","protected":false},"excerpt":{"rendered":"<p>La visita a este sitio Web no implica que el usuario est\u00e9 obligado a facilitar ninguna informaci\u00f3n. En el caso de que el usuario facilite alguna informaci\u00f3n de car\u00e1cter personal, los datos recogidos en este sitio web ser\u00e1n tratados de forma leal y l\u00edcita con sujeci\u00f3n en todo momento a los principios y derechos recogidos [&hellip;]<\/p>\n","protected":false},"author":1,"featured_media":0,"parent":0,"menu_order":0,"comment_status":"closed","ping_status":"closed","template":"","meta":{"footnotes":""},"class_list":["post-101","page","type-page","status-publish","hentry"],"aioseo_notices":[],"jetpack_sharing_enabled":true,"_links":{"self":[{"href":"https:\/\/www.nunegal.com\/web\/wp-json\/wp\/v2\/pages\/101","targetHints":{"allow":["GET"]}}],"collection":[{"href":"https:\/\/www.nunegal.com\/web\/wp-json\/wp\/v2\/pages"}],"about":[{"href":"https:\/\/www.nunegal.com\/web\/wp-json\/wp\/v2\/types\/page"}],"author":[{"embeddable":true,"href":"https:\/\/www.nunegal.com\/web\/wp-json\/wp\/v2\/users\/1"}],"replies":[{"embeddable":true,"href":"https:\/\/www.nunegal.com\/web\/wp-json\/wp\/v2\/comments?post=101"}],"version-history":[{"count":10,"href":"https:\/\/www.nunegal.com\/web\/wp-json\/wp\/v2\/pages\/101\/revisions"}],"predecessor-version":[{"id":3086,"href":"https:\/\/www.nunegal.com\/web\/wp-json\/wp\/v2\/pages\/101\/revisions\/3086"}],"wp:attachment":[{"href":"https:\/\/www.nunegal.com\/web\/wp-json\/wp\/v2\/media?parent=101"}],"curies":[{"name":"wp","href":"https:\/\/api.w.org\/{rel}","templated":true}]}}

Política de privacidad

<p class="has-text-color" style="color:#0f0067"><strong>La visita a este sitio Web no implica que el usuario esté obligado a facilitar ninguna información. En el caso de que el usuario facilite alguna información de carácter personal, los datos recogidos en este sitio web serán tratados de forma leal y lícita con sujeción en todo momento a los principios y derechos recogidos en el Reglamento (UE) 2016/679, de 27 de abril de 2016, General de Protección de Datos (RGPD) y demás normativa aplicable.</strong></p>



<p>En cumplimiento de lo dispuesto en el artículo 13 del RGPD te informamos de lo siguiente:</p>



<p>1.   <strong>RESPONSABLE</strong></p>



<ul class="wp-block-list">
<li><strong>Datos de contacto del Responsable</strong></li>
</ul>



<p>El responsable de los datos recabados mediante esta web es NUNEGAL CONSULTING, S.L. con dirección C/COPERNICO, 1 3ºB, 15008, CORUÑA, A (A CORUÑA) Y CIF B70150453. Usted podrá contactar con el responsable mediante el siguiente email maypi.cotelo@nunegal.com o en el teléfono 881 545 470.</p>



<ul class="wp-block-list">
<li><strong>Identidad y datos de contacto del representante</strong></li>
</ul>



<p>María del Pilar Cotelo Patiño</p>



<p>2.<strong>   FINALIDAD</strong></p>



<ul class="wp-block-list">
<li><strong>Descripción ampliada de los fines del tratamiento</strong></li>
</ul>



<p>Gestión de clientes, contable, fiscal y administrativa</p>



<p>Publicidad y prospección comercial</p>



<p>Recepción de Currículums o solicitudes de empleo</p>



<ul class="wp-block-list">
<li><strong>Plazos o criterios de conservación de los datos</strong></li>
</ul>



<p>Conservaremos los datos durante el tiempo que sea necesario para atender la solicitud y cumplir con las obligaciones legales exigidas.</p>



<p>Los datos que usted nos ha facilitado serán conservados mientras sean necesarios para las finalidades indicadas en el punto 2.A., o también serán almacenadas por el tiempo exigido por distintas legislaciones aplicables.</p>



<ul class="wp-block-list">
<li><strong><strong>Decisiones automatizadas, perfiles y lógica aplicada</strong></strong></li>
</ul>



<p>Los datos recogidos mediante la página web no serán utilizados para tomar decisiones automatizadas.</p>



<p>3.   <strong>LEGITIMACION</strong></p>



<ul class="wp-block-list">
<li><strong>Legislación aplicable</strong></li>
</ul>



<p>La legislación aplicada es el Reglamento General de Protección de Datos 2016/679 de 27 de abril de 2016 así como la Ley Orgánica 3/2018, de 5 de diciembre, de Protección de Datos Personales y garantía de los derechos digitales.</p>



<ul class="wp-block-list">
<li><strong><strong>Detalles de la base jurídica del tratamiento, en los casos de obligación legal, interés público o interés público o interés legítimo</strong></strong></li>
</ul>



<p>Art. 6, apartado 1 letra a. Que considera el consentimiento del interesado como una base legítima para el tratamiento de datos personales contenidos en este fichero.</p>



<ul class="wp-block-list">
<li><strong><strong><strong>Obligación o no de facilitar datos y consecuencias de no hacerlo</strong></strong></strong></li>
</ul>



<p>No está obligado a facilitarnos los datos, sin embargo, será necesario para poder gestionar las sugerencias o peticiones que necesite hacernos mediante la página web.</p>



<p>4.   <strong>DESTINATARIOS</strong></p>



<ul class="wp-block-list">
<li><strong>Destinatarios</strong></li>
</ul>



<p>&nbsp;Organizaciones o personas directamente relacionadas con la empresa, Administración pública&nbsp; &nbsp;con competencia en la materia.</p>



<ul class="wp-block-list">
<li><strong><strong>Destinatarios específicos</strong></strong></li>
</ul>



<p>Es posible que encargados de tratamiento puedan acceder a los datos facilitados mediante esta página web por el ejercicio de sus funciones de mantenimiento.</p>



<ul class="wp-block-list">
<li><strong><strong>Decisiones de adecuación, garantías, normas corporativas vinculantes o situaciones específicas aplicables</strong></strong></li>
</ul>



<p>No existen.</p>



<ul class="wp-block-list">
<li><strong><strong>Transferencias internacionales</strong></strong></li>
</ul>



<p>No existen.</p>



<p>5.   <strong>DERECHOS</strong></p>



<ul class="wp-block-list">
<li><strong>Cómo ejercer los derechos de acceso, rectificación, supresión y portabilidad de sus datos, y la limitación u oposición a su tratamiento</strong></li>
</ul>



<p>El interesado podrá conocer, modificar, o eliminar los datos que la empresa posea acerca de su persona mediante correo electrónico facilitando su DNI o bien por correo postal a C/COPERNICO, 1 3ºB, 15008, CORUÑA, A ( A CORUÑA). El interesado podrá transferir sus datos a otra entidad o bien limitar los ya existentes que la empresa posea acerca de su persona mediante correo electrónico facilitando su DNI o bien por correo postal a C/COPERNICO, 1 3ºB, 15008, CORUÑA, A (A CORUÑA).</p>



<ul class="wp-block-list">
<li><strong><strong>Derecho a retirar el Consentimiento prestado</strong></strong></li>
</ul>



<p>El interesado podrá retirar los datos que la empresa posee acerca de su persona mediante correo electrónico facilitando su DNI o bien por correo postal a C/COPERNICO, 1 3ºB, 15008, CORUÑA, A (A CORUÑA).</p>



<ul class="wp-block-list">
<li><strong><strong>Derecho a reclamar ante la Autoridad de Control</strong></strong></li>
</ul>



<p>El interesado podrá reclamar ante la Agencia Española de Protección de Datos acerca de toda incidencia que pueda surgirle.</p>



<p>6.   <strong>PROCEDENCIA</strong></p>



<ul class="wp-block-list">
<li><strong>Información detallada del origen de los datos</strong></li>
</ul>



<p>Facilitados por el propio interesado</p>



<ul class="wp-block-list">
<li><strong><strong>Categorías de datos que se tratan</strong></strong></li>
</ul>



<p>Nombre y Apellidos</p>



<p>Email</p>



<p>NIF/DNI/NIE</p>



<p>Dirección</p>



<p>Teléfono</p>



<p>Fecha actualización: 16/03/2021</p>

<p>La visita a este sitio Web no implica que el usuario esté obligado a facilitar ninguna información. En el caso de que el usuario facilite alguna información de carácter personal, los datos recogidos en este sitio web serán tratados de forma leal y lícita con sujeción en todo momento a los principios y derechos recogidos [&hellip;]</p>
