{"id":2616,"date":"2023-04-18T07:53:44","date_gmt":"2023-04-18T07:53:44","guid":{"rendered":"http:\/\/www.nunegal.com\/web\/?page_id=2616"},"modified":"2023-11-21T09:28:37","modified_gmt":"2023-11-21T09:28:37","slug":"politica-de-cookies","status":"publish","type":"page","link":"https:\/\/www.nunegal.com\/web\/politica-de-cookies\/","title":{"rendered":"Pol\u00edtica de cookies"},"content":{"rendered":"\n<p class=\"has-text-align-left\"><strong>DEFINICI\u00d3N Y FUNCIONES DE LAS COOKIES<\/strong><\/p>\n\n\n\n<p><\/p>\n\n\n\n<p>Una cookie es un fichero que se descargan en su ordenador al acceder a determinadas p\u00e1ginas web. Las cookies permiten a una p\u00e1gina web, entre otras cosas, almacenar y recuperar informaci\u00f3n sobre los h\u00e1bitos de navegaci\u00f3n de un usuario o de su equipo y, dependiendo de la informaci\u00f3n que contengan y de la forma en que utilice su equipo, pueden utilizarse para reconocer al usuario.<\/p>\n\n\n\n<p><\/p>\n\n\n\n<p><strong>\u00bfQU\u00c9 TIPO DE COOKIES UTILIZA ESTA P\u00c1GINA WEB?<\/strong><\/p>\n\n\n\n<ul class=\"wp-block-list\">\n<li><strong>Cookies estrictamente necesarias (t\u00e9cnicas): <\/strong>Son aquellas que permiten al usuario la navegaci\u00f3n a trav\u00e9s de una p\u00e1gina web, plataforma o aplicaci\u00f3n y la utilizaci\u00f3n de las diferentes opciones o servicios que en ellas existan como, por ejemplo, controlar el tr\u00e1fico, identificar datos o la sesi\u00f3n, acceder a secciones o contenidos de acceso restringido, utilizar elementos de seguridad durante la navegaci\u00f3n, realizar la solicitud de inscripci\u00f3n o participaci\u00f3n en un evento, almacenar contenidos para la difusi\u00f3n de videos o sonido, habilitar contenidos din\u00e1micos (por ejemplo, animaci\u00f3n de carga de un texto o imagen) o compartir contenidos a trav\u00e9s de redes sociales. Las cookies t\u00e9cnicas, al ser estrictamente necesarias, se descargan por defecto cuando permitan mostrar la plataforma o prestar el servicio solicitado por el usuario.<\/li>\n<\/ul>\n\n\n\n<p><\/p>\n\n\n\n<div>\n<table>\n<thead>\n<tr>\n<th>Cookie<\/th>\n<th>Duraci\u00f3n<\/th>\n<th>Descripci\u00f3n<\/th>\n<th>Dominio<\/th>\n<\/tr>\n<\/thead>\n<tbody>\n<tr>\n<td>cookieyes-consent<\/td>\n<td>1 a\u00f1o<\/td>\n<td>CookieYes establece esta cookie para recordar las preferencias de consentimiento de los usuarios, de modo que se respeten sus preferencias en las siguientes visitas a este sitio. No recoge ni almacena ninguna informaci\u00f3n personal sobre los visitantes del sitio.<\/td>\n<td>www.nunegal.com<\/td>\n<\/tr>\n<tr>\n<td>elementor<\/td>\n<td>Nunca<\/td>\n<td>El tema de WordPress del sitio web establece esta cookie. Permite al propietario del sitio web implementar o cambiar el contenido del sitio web en tiempo real.<\/td>\n<td>www.nunegal.com<\/td>\n<\/tr>\n<\/tbody>\n<\/table>\n<\/div>\n\n\n\n<ul class=\"wp-block-list\">\n<li><strong>Cookies de personalizaci\u00f3n: <\/strong>Permiten al usuario acceder al servicio con algunas caracter\u00edsticas de car\u00e1cter general predefinidas en funci\u00f3n de una serie de criterios en el terminal del usuario como por ejemplo el idioma, el tipo de navegador a trav\u00e9s del cual accede al servicio, la configuraci\u00f3n regional desde donde accede al servicio, etc.<\/li>\n<\/ul>\n\n\n\n<p><\/p>\n\n\n\n<ul class=\"wp-block-list\">\n<li><strong>Cookies de an\u00e1lisis: <\/strong>Permiten el seguimiento y an\u00e1lisis del comportamiento de los usuarios de los sitios web a los que est\u00e1n vinculadas. La informaci\u00f3n recogida se utiliza en la medici\u00f3n de la actividad de nuestra p\u00e1gina web y para la elaboraci\u00f3n de perfiles de navegaci\u00f3n de los usuarios con el fin de introducir mejoras en funci\u00f3n del an\u00e1lisis de los datos de uso que hacen los usuarios del servicio.<\/li>\n<\/ul>\n\n\n\n<p><\/p>\n\n\n\n<div>\n<table>\n<thead>\n<tr>\n<th>Cookie<\/th>\n<th>Duraci\u00f3n<\/th>\n<th>Descripci\u00f3n<\/th>\n<th>Dominio<\/th>\n<\/tr>\n<\/thead>\n<tbody>\n<tr>\n<td>_gid<\/td>\n<td>1 d\u00eda<\/td>\n<td>Google Analytics establece esta cookie para almacenar informaci\u00f3n sobre el uso que hacen los visitantes de un sitio web, al tiempo que crea un informe anal\u00edtico sobre el rendimiento del sitio. Algunos de los datos recogidos incluyen el n\u00famero de visitantes, su origen y las p\u00e1ginas que visitan de forma an\u00f3nima.<\/td>\n<td>www.nunegal.com<\/td>\n<\/tr>\n<tr>\n<td>_gat_gtag_UA_*<\/td>\n<td>1 minuto<\/td>\n<td>Google Analytics sets this cookie to store a unique user ID.<\/td>\n<td>www.nunegal.com<\/td>\n<\/tr>\n<tr>\n<td>_ga<\/td>\n<td>1 a\u00f1o 1 mes 4 d\u00edas<\/td>\n<td>Google Analytics establece esta cookie para calcular los datos de los visitantes, de las sesiones y de las campa\u00f1as y para hacer un seguimiento del uso del sitio para el informe de an\u00e1lisis del sitio. La cookie almacena la informaci\u00f3n de forma an\u00f3nima y asigna un n\u00famero generado aleatoriamente para reconocer a los visitantes \u00fanicos.<\/td>\n<td>www.nunegal.com<\/td>\n<\/tr>\n\n<tr>\n<td>_ga_*<\/td>\n<td>1 a\u00f1o 1 mes 4 d\u00edas<\/td>\n<td>Google Analytics sets this cookie to store and count page views.<\/td>\n<td>www.nunegal.com<\/td>\n<\/tr>\n<tr>\n<td>CONSENT<\/td>\n<td>2 a\u00f1os<\/td>\n<td>YouTube establece esta cookie a trav\u00e9s de los v\u00eddeos incrustados de YouTube y registra datos estad\u00edsticos an\u00f3nimos.<\/td>\n<td>www.youtube.com<\/td>\n<\/tr>\n<\/tbody>\n<\/table>\n<\/div>\n\n\n\n<ul class=\"wp-block-list\">\n<li><strong>Cookies publicitarias:<\/strong> Permiten la gesti\u00f3n, de la forma m\u00e1s eficaz posible, de los espacios publicitarios que se han incluido en nuestra p\u00e1gina web en base a criterios como el contenido editado o la frecuencia en la que se muestran los anuncios.<\/li>\n<\/ul>\n\n\n\n<p><\/p>\n\n\n\n<ul class=\"wp-block-list\">\n<li><strong>Cookies de publicidad comportamental: <\/strong>Permiten la gesti\u00f3n, de la forma m\u00e1s eficaz posible, de los espacios publicitarios que se han incluido en nuestra p\u00e1gina web. Gracias a ellas, podemos conocer los h\u00e1bitos de navegaci\u00f3n en internet y mostrar publicidad relacionada con su perfil de navegaci\u00f3n.<\/li>\n<\/ul>\n\n\n\n<p><\/p>\n\n\n\n<div>\n<table>\n<thead>\n<tr>\n<th>Cookie<\/th>\n<th>Duraci\u00f3n<\/th>\n<th>Descripci\u00f3n<\/th>\n<th>Dominio<\/th>\n<\/tr>\n<\/thead>\n<tbody>\n<tr>\n<td>YSC<\/td>\n<td>Sesi\u00f3n<\/td>\n<td>Youtube establece esta cookie para hacer un seguimiento de las visualizaciones de los v\u00eddeos incrustados en las p\u00e1ginas de Youtube.<\/td>\n<td>www.youtube.com<\/td>\n<\/tr>\n<tr>\n<td>VISITOR_INFO1_LIVE<\/td>\n<td>5 meses 27 d\u00edas<\/td>\n<td>YouTube establece esta cookie para medir el ancho de banda y determinar si el usuario recibe la nueva o la antigua interfaz del reproductor.<\/td>\n<td>www.youtube.com<\/td>\n<\/tr>\n<tr>\n<td>yt-remote-device-id<\/td>\n<td>Nunca<\/td>\n<td>YouTube establece esta cookie para almacenar las preferencias de v\u00eddeo del usuario que utiliza los v\u00eddeos incrustados de YouTube.<\/td>\n<td>www.youtube.com<\/td>\n<\/tr>\n\n<tr>\n<td>yt.innertube::requests<\/td>\n<td>Nunca<\/td>\n<td>YouTube establece esta cookie para registrar un ID \u00fanico para almacenar datos sobre los v\u00eddeos de YouTube que el usuario ha visto.<\/td>\n<td>www.youtube.com<\/td>\n<\/tr>\n<tr>\n<td>yt-remote-connected-devices<\/td>\n<td>Nunca<\/td>\n<td>YouTube establece esta cookie para almacenar las preferencias de v\u00eddeo del usuario que utiliza los v\u00eddeos incrustados de YouTube.<\/td>\n<td>www.youtube.com<\/td>\n<\/tr>\n<tr>\n<td>yt.innertube::nextId<\/td>\n<td>Nunca<\/td>\n<td>YouTube establece esta cookie para registrar un ID \u00fanico para almacenar datos sobre los v\u00eddeos de YouTube que el usuario ha visto.<\/td>\n<td>www.youtube.com<\/td>\n<\/tr>\n<\/tbody>\n<\/table>\n<\/div>\n\n\n\n<p><\/p>\n\n\n\n<p><strong>BLOQUEAR O ELIMINAR COOKIES<\/strong><\/p>\n\n\n\n<p>Puede usted permitir, bloquear o eliminar las cookies instaladas en su equipo mediante el panel de configuraci\u00f3n de cookies que se muestra al usuario con su primera visita a la p\u00e1gina web y, adem\u00e1s, es posible acceder al mismo clicando en el icono de cookies de la parte inferior izquierda de la pantalla. O bien a trav\u00e9s de la configuraci\u00f3n de las opciones del navegador instalado en su ordenador.<\/p>\n\n\n\n<p><\/p>\n\n\n\n<ul class=\"wp-block-list\">\n<li>Para m\u00e1s informaci\u00f3n sobre Chrome pulse en <a href=\"https:\/\/support.google.com\/chrome\/answer\/95647?co=GENIE.Platform%3DDesktop&amp;hl=es\" target=\"_blank\" rel=\"noreferrer noopener\">este enlace.<\/a><\/li>\n\n\n\n<li>Para m\u00e1s informaci\u00f3n sobre Safari pulse en <a href=\"https:\/\/support.apple.com\/es-es\/guide\/safari\/sfri11471\/mac\" data-type=\"URL\" target=\"_blank\" rel=\"noreferrer noopener\">este enlace.<\/a><\/li>\n\n\n\n<li>Para m\u00e1s informaci\u00f3n sobre Firefox pulse en <a href=\"https:\/\/support.mozilla.org\/es\/kb\/habilitar-y-deshabilitar-cookies-sitios-web-rastrear-preferencias\" data-type=\"URL\" target=\"_blank\" rel=\"noreferrer noopener\">este enlace.<\/a><\/li>\n\n\n\n<li>Para m\u00e1s informaci\u00f3n sobre Internet Explorer pulse en <a href=\"https:\/\/support.microsoft.com\/es-es\/topic\/c%C3%B3mo-eliminar-archivos-de-cookies-en-internet-explorer-bca9446f-d873-78de-77ba-d42645fa52fc\" data-type=\"URL\" target=\"_blank\" rel=\"noreferrer noopener\">este enlace.<\/a><\/li>\n\n\n\n<li>Para m\u00e1s informaci\u00f3n sobre Microsoft Edge pulse en <a rel=\"noreferrer noopener\" href=\"https:\/\/support.microsoft.com\/es-es\/windows\/microsoft-edge-datos-de-exploraci%C3%B3n-y-privacidad-bb8174ba-9d73-dcf2-9b4a-c582b4e640dd\" data-type=\"URL\" data-id=\"https:\/\/support.microsoft.com\/es-es\/windows\/microsoft-edge-datos-de-exploraci%C3%B3n-y-privacidad-bb8174ba-9d73-dcf2-9b4a-c582b4e640dd\" target=\"_blank\">este enlace.<\/a><\/li>\n<\/ul>\n","protected":false},"excerpt":{"rendered":"<p>DEFINICI\u00d3N Y FUNCIONES DE LAS COOKIES Una cookie es un fichero que se descargan en su ordenador al acceder a determinadas p\u00e1ginas web. Las cookies permiten a una p\u00e1gina web, entre otras cosas, almacenar y recuperar informaci\u00f3n sobre los h\u00e1bitos de navegaci\u00f3n de un usuario o de su equipo y, dependiendo de la informaci\u00f3n que [&hellip;]<\/p>\n","protected":false},"author":1,"featured_media":0,"parent":0,"menu_order":0,"comment_status":"closed","ping_status":"closed","template":"","meta":{"footnotes":""},"class_list":["post-2616","page","type-page","status-publish","hentry"],"aioseo_notices":[],"jetpack_sharing_enabled":true,"_links":{"self":[{"href":"https:\/\/www.nunegal.com\/web\/wp-json\/wp\/v2\/pages\/2616","targetHints":{"allow":["GET"]}}],"collection":[{"href":"https:\/\/www.nunegal.com\/web\/wp-json\/wp\/v2\/pages"}],"about":[{"href":"https:\/\/www.nunegal.com\/web\/wp-json\/wp\/v2\/types\/page"}],"author":[{"embeddable":true,"href":"https:\/\/www.nunegal.com\/web\/wp-json\/wp\/v2\/users\/1"}],"replies":[{"embeddable":true,"href":"https:\/\/www.nunegal.com\/web\/wp-json\/wp\/v2\/comments?post=2616"}],"version-history":[{"count":12,"href":"https:\/\/www.nunegal.com\/web\/wp-json\/wp\/v2\/pages\/2616\/revisions"}],"predecessor-version":[{"id":3002,"href":"https:\/\/www.nunegal.com\/web\/wp-json\/wp\/v2\/pages\/2616\/revisions\/3002"}],"wp:attachment":[{"href":"https:\/\/www.nunegal.com\/web\/wp-json\/wp\/v2\/media?parent=2616"}],"curies":[{"name":"wp","href":"https:\/\/api.w.org\/{rel}","templated":true}]}}