{"id":56,"date":"2022-03-02T10:48:22","date_gmt":"2022-03-02T10:48:22","guid":{"rendered":"http:\/\/www.nunegal.com\/web\/?page_id=56"},"modified":"2023-07-17T12:36:48","modified_gmt":"2023-07-17T12:36:48","slug":"nunenews","status":"publish","type":"page","link":"https:\/\/www.nunegal.com\/web\/nunenews\/","title":{"rendered":"Nune News"},"content":{"rendered":"\t\t<div data-elementor-type=\"wp-page\" data-elementor-id=\"56\" class=\"elementor elementor-56\" data-elementor-post-type=\"page\">\n\t\t\t\t\t\t<section class=\"elementor-section elementor-top-section elementor-element elementor-element-f558e63 elementor-section-height-min-height elementor-section-boxed elementor-section-height-default elementor-section-items-middle\" data-id=\"f558e63\" data-element_type=\"section\" data-settings=\"{&quot;background_background&quot;:&quot;classic&quot;}\">\n\t\t\t\t\t\t\t<div class=\"elementor-background-overlay\"><\/div>\n\t\t\t\t\t\t\t<div class=\"elementor-container elementor-column-gap-default\">\n\t\t\t\t\t<div class=\"elementor-column elementor-col-100 elementor-top-column elementor-element elementor-element-929118a\" data-id=\"929118a\" data-element_type=\"column\">\n\t\t\t<div class=\"elementor-widget-wrap elementor-element-populated\">\n\t\t\t\t\t\t<section class=\"elementor-section elementor-inner-section elementor-element elementor-element-7e2d396 elementor-section-boxed elementor-section-height-default elementor-section-height-default\" data-id=\"7e2d396\" data-element_type=\"section\">\n\t\t\t\t\t\t<div class=\"elementor-container elementor-column-gap-default\">\n\t\t\t\t\t<div class=\"elementor-column elementor-col-100 elementor-inner-column elementor-element elementor-element-aaaf67c\" data-id=\"aaaf67c\" data-element_type=\"column\">\n\t\t\t<div class=\"elementor-widget-wrap\">\n\t\t\t\t\t\t\t<\/div>\n\t\t<\/div>\n\t\t\t\t\t<\/div>\n\t\t<\/section>\n\t\t\t\t\t<\/div>\n\t\t<\/div>\n\t\t\t\t\t<\/div>\n\t\t<\/section>\n\t\t\t\t<section class=\"elementor-section elementor-top-section elementor-element elementor-element-daebd56 elementor-section-boxed elementor-section-height-default elementor-section-height-default\" data-id=\"daebd56\" data-element_type=\"section\">\n\t\t\t\t\t\t<div class=\"elementor-container elementor-column-gap-default\">\n\t\t\t\t\t<div class=\"elementor-column elementor-col-100 elementor-top-column elementor-element elementor-element-dbff6e5\" data-id=\"dbff6e5\" data-element_type=\"column\">\n\t\t\t<div class=\"elementor-widget-wrap elementor-element-populated\">\n\t\t\t\t\t\t<div class=\"elementor-element elementor-element-b181b7e elementor-widget elementor-widget-heading\" data-id=\"b181b7e\" data-element_type=\"widget\" data-widget_type=\"heading.default\">\n\t\t\t\t<div class=\"elementor-widget-container\">\n\t\t\t\t\t<h2 class=\"elementor-heading-title elementor-size-default\">Nune News<\/h2>\t\t\t\t<\/div>\n\t\t\t\t<\/div>\n\t\t\t\t<section class=\"elementor-section elementor-inner-section elementor-element elementor-element-85c50ae elementor-section-boxed elementor-section-height-default elementor-section-height-default\" data-id=\"85c50ae\" data-element_type=\"section\">\n\t\t\t\t\t\t<div class=\"elementor-container elementor-column-gap-default\">\n\t\t\t\t\t<div class=\"elementor-column elementor-col-100 elementor-inner-column elementor-element elementor-element-34dbd5c\" data-id=\"34dbd5c\" data-element_type=\"column\">\n\t\t\t<div class=\"elementor-widget-wrap elementor-element-populated\">\n\t\t\t\t\t\t<div class=\"elementor-element elementor-element-e87bf7f elementor-widget elementor-widget-text-editor\" data-id=\"e87bf7f\" data-element_type=\"widget\" data-widget_type=\"text-editor.default\">\n\t\t\t\t<div class=\"elementor-widget-container\">\n\t\t\t\t\t\t\t\t\t<p>Desde Nunegal estamos orgullos de nuestros logros y de nuestro equipo, por lo que queremos compartir contigo las \u00faltimas novedades relacionadas con nuestro dia a d\u00eda<\/p>\t\t\t\t\t\t\t\t<\/div>\n\t\t\t\t<\/div>\n\t\t\t\t\t<\/div>\n\t\t<\/div>\n\t\t\t\t\t<\/div>\n\t\t<\/section>\n\t\t\t\t\t<\/div>\n\t\t<\/div>\n\t\t\t\t\t<\/div>\n\t\t<\/section>\n\t\t\t\t<section class=\"elementor-section elementor-top-section elementor-element elementor-element-8fa8584 elementor-section-boxed elementor-section-height-default elementor-section-height-default\" data-id=\"8fa8584\" data-element_type=\"section\">\n\t\t\t\t\t\t<div class=\"elementor-container elementor-column-gap-default\">\n\t\t\t\t\t<div class=\"elementor-column elementor-col-100 elementor-top-column elementor-element elementor-element-fc44a7d\" data-id=\"fc44a7d\" data-element_type=\"column\">\n\t\t\t<div class=\"elementor-widget-wrap elementor-element-populated\">\n\t\t\t\t\t\t<div class=\"elementor-element elementor-element-d4f95f6 elementor-grid-eael-col-2 elementor-grid-tablet-eael-col-2 elementor-grid-mobile-eael-col-1 elementor-widget elementor-widget-eael-post-grid\" data-id=\"d4f95f6\" data-element_type=\"widget\" data-settings=\"{&quot;eael_post_grid_columns&quot;:&quot;eael-col-2&quot;,&quot;eael_post_grid_columns_tablet&quot;:&quot;eael-col-2&quot;,&quot;eael_post_grid_columns_mobile&quot;:&quot;eael-col-1&quot;}\" data-widget_type=\"eael-post-grid.default\">\n\t\t\t\t<div class=\"elementor-widget-container\">\n\t\t\t\t\t<div id=\"eael-post-grid-d4f95f6\" class=\"eael-post-grid-container\">\n            <div class=\"eael-post-grid eael-post-appender eael-post-appender-d4f95f6 eael-post-grid-style-one\" data-layout-mode=\"masonry\"><article class=\"eael-grid-post eael-post-grid-column\" data-id=\"3253\">\n        <div class=\"eael-grid-post-holder\">\n            <div class=\"eael-grid-post-holder-inner\"><div class=\"eael-entry-media\"><div class=\"eael-entry-overlay fade-in\"><i class=\"urllink urllinklink\" aria-hidden=\"true\"><\/i><a href=\"https:\/\/www.nunegal.com\/web\/el-brigantium-baloman-esta-de-enhorabuena\/\"><\/a><\/div><div class=\"eael-entry-thumbnail \">\n                <img fetchpriority=\"high\" decoding=\"async\" width=\"768\" height=\"406\" src=\"https:\/\/www.nunegal.com\/web\/wp-content\/uploads\/2025\/05\/brigantium-768x406.png\" class=\"attachment-medium_large size-medium_large wp-image-3258\" alt=\"\" srcset=\"https:\/\/www.nunegal.com\/web\/wp-content\/uploads\/2025\/05\/brigantium-768x406.png 768w, https:\/\/www.nunegal.com\/web\/wp-content\/uploads\/2025\/05\/brigantium.png 1522w\" sizes=\"(max-width: 768px) 100vw, 768px\" \/>\n            <\/div>\n        <\/div><div class=\"eael-entry-wrapper\"><header class=\"eael-entry-header\"><h2 class=\"eael-entry-title\"><a class=\"eael-grid-post-link\" href=\"https:\/\/www.nunegal.com\/web\/el-brigantium-baloman-esta-de-enhorabuena\/\" title=\"El Brigantium Balonm\u00e1n est\u00e1 de enhorabuena\">El Brigantium Balonm\u00e1n est\u00e1 de enhorabuena<\/a><\/h2><\/header><div class=\"eael-entry-content\">\n                        <div class=\"eael-grid-post-excerpt\"><p>El equipo coru\u00f1\u00e9s ha conseguido ascender a Primera Auton\u00f3mica Femenina...<\/p><a href=\"https:\/\/www.nunegal.com\/web\/el-brigantium-baloman-esta-de-enhorabuena\/\" class=\"eael-post-elements-readmore-btn\">Ver noticia completa<\/a><\/div>\n                    <\/div><div class=\"eael-entry-footer\"><div class=\"eael-entry-meta\"><span class=\"eael-posted-on\"><time datetime=\"mayo 21, 2025\">mayo 21, 2025<\/time><\/span><\/div><\/div><\/div><\/div>\n        <\/div>\n    <\/article><article class=\"eael-grid-post eael-post-grid-column\" data-id=\"3234\">\n        <div class=\"eael-grid-post-holder\">\n            <div class=\"eael-grid-post-holder-inner\"><div class=\"eael-entry-media\"><div class=\"eael-entry-overlay fade-in\"><i class=\"urllink urllinklink\" aria-hidden=\"true\"><\/i><a href=\"https:\/\/www.nunegal.com\/web\/nunegal-participa-un-ano-mas-en-la-vi-edicion-de-la-feria-de-practicas-y-empleo-de-la-fic\/\"><\/a><\/div><div class=\"eael-entry-thumbnail \">\n                <img decoding=\"async\" width=\"768\" height=\"512\" src=\"https:\/\/www.nunegal.com\/web\/wp-content\/uploads\/2025\/05\/FIC-01-768x512.jpg\" class=\"attachment-medium_large size-medium_large wp-image-3236\" alt=\"\" srcset=\"https:\/\/www.nunegal.com\/web\/wp-content\/uploads\/2025\/05\/FIC-01-768x512.jpg 768w, https:\/\/www.nunegal.com\/web\/wp-content\/uploads\/2025\/05\/FIC-01-1536x1024.jpg 1536w, https:\/\/www.nunegal.com\/web\/wp-content\/uploads\/2025\/05\/FIC-01-2048x1365.jpg 2048w\" sizes=\"(max-width: 768px) 100vw, 768px\" \/>\n            <\/div>\n        <\/div><div class=\"eael-entry-wrapper\"><header class=\"eael-entry-header\"><h2 class=\"eael-entry-title\"><a class=\"eael-grid-post-link\" href=\"https:\/\/www.nunegal.com\/web\/nunegal-participa-un-ano-mas-en-la-vi-edicion-de-la-feria-de-practicas-y-empleo-de-la-fic\/\" title=\"Nunegal participa un a\u00f1o m\u00e1s en la VI Edici\u00f3n de la Feria de Pr\u00e1cticas y Empleo de la FIC\">Nunegal participa un a\u00f1o m\u00e1s en la VI Edici\u00f3n de la Feria de Pr\u00e1cticas y Empleo de la FIC<\/a><\/h2><\/header><div class=\"eael-entry-content\">\n                        <div class=\"eael-grid-post-excerpt\"><p>El pasado viernes 25 de abril, nuestras compa\u00f1eras de RRHH...<\/p><a href=\"https:\/\/www.nunegal.com\/web\/nunegal-participa-un-ano-mas-en-la-vi-edicion-de-la-feria-de-practicas-y-empleo-de-la-fic\/\" class=\"eael-post-elements-readmore-btn\">Ver noticia completa<\/a><\/div>\n                    <\/div><div class=\"eael-entry-footer\"><div class=\"eael-entry-meta\"><span class=\"eael-posted-on\"><time datetime=\"abril 28, 2025\">abril 28, 2025<\/time><\/span><\/div><\/div><\/div><\/div>\n        <\/div>\n    <\/article><article class=\"eael-grid-post eael-post-grid-column\" data-id=\"2595\">\n        <div class=\"eael-grid-post-holder\">\n            <div class=\"eael-grid-post-holder-inner\"><div class=\"eael-entry-media\"><div class=\"eael-entry-overlay fade-in\"><i class=\"urllink urllinklink\" aria-hidden=\"true\"><\/i><a href=\"https:\/\/www.nunegal.com\/web\/de-gymkana-con-nunegal\/\"><\/a><\/div><div class=\"eael-entry-thumbnail \">\n                <img decoding=\"async\" width=\"768\" height=\"491\" src=\"https:\/\/www.nunegal.com\/web\/wp-content\/uploads\/2023\/03\/gymkana-MOD-768x491.jpg\" class=\"attachment-medium_large size-medium_large wp-image-2596\" alt=\"Blog-Gymkana\" srcset=\"https:\/\/www.nunegal.com\/web\/wp-content\/uploads\/2023\/03\/gymkana-MOD-768x491.jpg 768w, https:\/\/www.nunegal.com\/web\/wp-content\/uploads\/2023\/03\/gymkana-MOD-1536x981.jpg 1536w, https:\/\/www.nunegal.com\/web\/wp-content\/uploads\/2023\/03\/gymkana-MOD-2048x1308.jpg 2048w\" sizes=\"(max-width: 768px) 100vw, 768px\" \/>\n            <\/div>\n        <\/div><div class=\"eael-entry-wrapper\"><header class=\"eael-entry-header\"><h2 class=\"eael-entry-title\"><a class=\"eael-grid-post-link\" href=\"https:\/\/www.nunegal.com\/web\/de-gymkana-con-nunegal\/\" title=\"De gymkana con Nunegal\">De gymkana con Nunegal<\/a><\/h2><\/header><div class=\"eael-entry-content\">\n                        <div class=\"eael-grid-post-excerpt\"><p>Nuestra primera Gymkana por la city, donde muchos de nuestros...<\/p><a href=\"https:\/\/www.nunegal.com\/web\/de-gymkana-con-nunegal\/\" class=\"eael-post-elements-readmore-btn\">Ver noticia completa<\/a><\/div>\n                    <\/div><div class=\"eael-entry-footer\"><div class=\"eael-entry-meta\"><span class=\"eael-posted-on\"><time datetime=\"marzo 24, 2023\">marzo 24, 2023<\/time><\/span><\/div><\/div><\/div><\/div>\n        <\/div>\n    <\/article><article class=\"eael-grid-post eael-post-grid-column\" data-id=\"2592\">\n        <div class=\"eael-grid-post-holder\">\n            <div class=\"eael-grid-post-holder-inner\"><div class=\"eael-entry-media\"><div class=\"eael-entry-overlay fade-in\"><i class=\"urllink urllinklink\" aria-hidden=\"true\"><\/i><a href=\"https:\/\/www.nunegal.com\/web\/8m-2023\/\"><\/a><\/div><div class=\"eael-entry-thumbnail \">\n                <img loading=\"lazy\" decoding=\"async\" width=\"768\" height=\"576\" src=\"https:\/\/www.nunegal.com\/web\/wp-content\/uploads\/2023\/03\/8m-color-768x576.jpeg\" class=\"attachment-medium_large size-medium_large wp-image-2593\" alt=\"Post-8M-2023\" srcset=\"https:\/\/www.nunegal.com\/web\/wp-content\/uploads\/2023\/03\/8m-color-768x576.jpeg 768w, https:\/\/www.nunegal.com\/web\/wp-content\/uploads\/2023\/03\/8m-color.jpeg 1024w\" sizes=\"(max-width: 768px) 100vw, 768px\" \/>\n            <\/div>\n        <\/div><div class=\"eael-entry-wrapper\"><header class=\"eael-entry-header\"><h2 class=\"eael-entry-title\"><a class=\"eael-grid-post-link\" href=\"https:\/\/www.nunegal.com\/web\/8m-2023\/\" title=\"8M &#8211; S\u00faper desayuno para todas nuestras mujeres trabajadoras\">8M &#8211; S\u00faper desayuno para todas nuestras mujeres trabajadoras<\/a><\/h2><\/header><div class=\"eael-entry-content\">\n                        <div class=\"eael-grid-post-excerpt\"><p><\/p><a href=\"https:\/\/www.nunegal.com\/web\/8m-2023\/\" class=\"eael-post-elements-readmore-btn\">Ver noticia completa<\/a><\/div>\n                    <\/div><div class=\"eael-entry-footer\"><div class=\"eael-entry-meta\"><span class=\"eael-posted-on\"><time datetime=\"marzo 8, 2023\">marzo 8, 2023<\/time><\/span><\/div><\/div><\/div><\/div>\n        <\/div>\n    <\/article><article class=\"eael-grid-post eael-post-grid-column\" data-id=\"1132\">\n        <div class=\"eael-grid-post-holder\">\n            <div class=\"eael-grid-post-holder-inner\"><div class=\"eael-entry-media\"><div class=\"eael-entry-overlay fade-in\"><i class=\"urllink urllinklink\" aria-hidden=\"true\"><\/i><a href=\"https:\/\/www.nunegal.com\/web\/donde-los-trabajadores-no-quieren-marcharse\/\"><\/a><\/div><div class=\"eael-entry-thumbnail \">\n                <img loading=\"lazy\" decoding=\"async\" width=\"649\" height=\"452\" src=\"https:\/\/www.nunegal.com\/web\/wp-content\/uploads\/2022\/11\/Nune-02.jpg\" class=\"attachment-medium_large size-medium_large wp-image-1418\" alt=\"el-team\" \/>\n            <\/div>\n        <\/div><div class=\"eael-entry-wrapper\"><header class=\"eael-entry-header\"><h2 class=\"eael-entry-title\"><a class=\"eael-grid-post-link\" href=\"https:\/\/www.nunegal.com\/web\/donde-los-trabajadores-no-quieren-marcharse\/\" title=\"Nunegal Consulting, empresa donde los trabajadores no quieren marcharse\">Nunegal Consulting, empresa donde los trabajadores no quieren marcharse<\/a><\/h2><\/header><div class=\"eael-entry-content\">\n                        <div class=\"eael-grid-post-excerpt\"><p>El pasado domingo, Nunegal Consulting apareci\u00f3 en la Televisi\u00f3n Gallega...<\/p><a href=\"https:\/\/www.nunegal.com\/web\/donde-los-trabajadores-no-quieren-marcharse\/\" class=\"eael-post-elements-readmore-btn\">Ver noticia completa<\/a><\/div>\n                    <\/div><div class=\"eael-entry-footer\"><div class=\"eael-entry-meta\"><span class=\"eael-posted-on\"><time datetime=\"noviembre 14, 2022\">noviembre 14, 2022<\/time><\/span><\/div><\/div><\/div><\/div>\n        <\/div>\n    <\/article><article class=\"eael-grid-post eael-post-grid-column\" data-id=\"1129\">\n        <div class=\"eael-grid-post-holder\">\n            <div class=\"eael-grid-post-holder-inner\"><div class=\"eael-entry-media\"><div class=\"eael-entry-overlay fade-in\"><i class=\"urllink urllinklink\" aria-hidden=\"true\"><\/i><a href=\"https:\/\/www.nunegal.com\/web\/feria-de-empleo-2023\/\"><\/a><\/div><div class=\"eael-entry-thumbnail \">\n                <img loading=\"lazy\" decoding=\"async\" width=\"768\" height=\"580\" src=\"https:\/\/www.nunegal.com\/web\/wp-content\/uploads\/2022\/11\/FeriadeEmpleo-768x580.png\" class=\"attachment-medium_large size-medium_large wp-image-1683\" alt=\"\" srcset=\"https:\/\/www.nunegal.com\/web\/wp-content\/uploads\/2022\/11\/FeriadeEmpleo-768x580.png 768w, https:\/\/www.nunegal.com\/web\/wp-content\/uploads\/2022\/11\/FeriadeEmpleo-1536x1161.png 1536w, https:\/\/www.nunegal.com\/web\/wp-content\/uploads\/2022\/11\/FeriadeEmpleo.png 1584w\" sizes=\"(max-width: 768px) 100vw, 768px\" \/>\n            <\/div>\n        <\/div><div class=\"eael-entry-wrapper\"><header class=\"eael-entry-header\"><h2 class=\"eael-entry-title\"><a class=\"eael-grid-post-link\" href=\"https:\/\/www.nunegal.com\/web\/feria-de-empleo-2023\/\" title=\"Nunegal en la Feria de Empleo\">Nunegal en la Feria de Empleo<\/a><\/h2><\/header><div class=\"eael-entry-content\">\n                        <div class=\"eael-grid-post-excerpt\"><p>Hoy nos encontramos en la vig\u00e9sima edici\u00f3n del Galicia Tic<\/p><a href=\"https:\/\/www.nunegal.com\/web\/feria-de-empleo-2023\/\" class=\"eael-post-elements-readmore-btn\">Ver noticia completa<\/a><\/div>\n                    <\/div><div class=\"eael-entry-footer\"><div class=\"eael-entry-meta\"><span class=\"eael-posted-on\"><time datetime=\"noviembre 14, 2022\">noviembre 14, 2022<\/time><\/span><\/div><\/div><\/div><\/div>\n        <\/div>\n    <\/article><article class=\"eael-grid-post eael-post-grid-column\" data-id=\"288\">\n        <div class=\"eael-grid-post-holder\">\n            <div class=\"eael-grid-post-holder-inner\"><div class=\"eael-entry-media\"><div class=\"eael-entry-overlay fade-in\"><i class=\"urllink urllinklink\" aria-hidden=\"true\"><\/i><a href=\"https:\/\/www.nunegal.com\/web\/nunegal-y-el-deporte\/\"><\/a><\/div><div class=\"eael-entry-thumbnail \">\n                <img loading=\"lazy\" decoding=\"async\" width=\"616\" height=\"384\" src=\"https:\/\/www.nunegal.com\/web\/wp-content\/uploads\/2021\/07\/Nune-Deporte02.png\" class=\"attachment-medium_large size-medium_large wp-image-1684\" alt=\"\" \/>\n            <\/div>\n        <\/div><div class=\"eael-entry-wrapper\"><header class=\"eael-entry-header\"><h2 class=\"eael-entry-title\"><a class=\"eael-grid-post-link\" href=\"https:\/\/www.nunegal.com\/web\/nunegal-y-el-deporte\/\" title=\"Nunegal apuesta por el deporte\">Nunegal apuesta por el deporte<\/a><\/h2><\/header><div class=\"eael-entry-content\">\n                        <div class=\"eael-grid-post-excerpt\"><p>Nos sentimos honrados por la publicaci\u00f3n de las leonas<\/p><a href=\"https:\/\/www.nunegal.com\/web\/nunegal-y-el-deporte\/\" class=\"eael-post-elements-readmore-btn\">Ver noticia completa<\/a><\/div>\n                    <\/div><div class=\"eael-entry-footer\"><div class=\"eael-entry-meta\"><span class=\"eael-posted-on\"><time datetime=\"julio 21, 2021\">julio 21, 2021<\/time><\/span><\/div><\/div><\/div><\/div>\n        <\/div>\n    <\/article><article class=\"eael-grid-post eael-post-grid-column\" data-id=\"292\">\n        <div class=\"eael-grid-post-holder\">\n            <div class=\"eael-grid-post-holder-inner\"><div class=\"eael-entry-media\"><div class=\"eael-entry-overlay fade-in\"><i class=\"urllink urllinklink\" aria-hidden=\"true\"><\/i><a href=\"https:\/\/www.nunegal.com\/web\/nuestro-principal-valor-las-personas\/\"><\/a><\/div><div class=\"eael-entry-thumbnail \">\n                <img loading=\"lazy\" decoding=\"async\" width=\"647\" height=\"452\" src=\"https:\/\/www.nunegal.com\/web\/wp-content\/uploads\/2020\/02\/Nune-05.jpg\" class=\"attachment-medium_large size-medium_large wp-image-1421\" alt=\"Ppal-valor-las-personas\" \/>\n            <\/div>\n        <\/div><div class=\"eael-entry-wrapper\"><header class=\"eael-entry-header\"><h2 class=\"eael-entry-title\"><a class=\"eael-grid-post-link\" href=\"https:\/\/www.nunegal.com\/web\/nuestro-principal-valor-las-personas\/\" title=\"El principal valor de una empresa somos las personas\">El principal valor de una empresa somos las personas<\/a><\/h2><\/header><div class=\"eael-entry-content\">\n                        <div class=\"eael-grid-post-excerpt\"><p>Por este motivo apostamos por su desarrollo personal y profesional...<\/p><a href=\"https:\/\/www.nunegal.com\/web\/nuestro-principal-valor-las-personas\/\" class=\"eael-post-elements-readmore-btn\">Ver noticia completa<\/a><\/div>\n                    <\/div><div class=\"eael-entry-footer\"><div class=\"eael-entry-meta\"><span class=\"eael-posted-on\"><time datetime=\"febrero 4, 2020\">febrero 4, 2020<\/time><\/span><\/div><\/div><\/div><\/div>\n        <\/div>\n    <\/article><article class=\"eael-grid-post eael-post-grid-column\" data-id=\"290\">\n        <div class=\"eael-grid-post-holder\">\n            <div class=\"eael-grid-post-holder-inner\"><div class=\"eael-entry-media\"><div class=\"eael-entry-overlay fade-in\"><i class=\"urllink urllinklink\" aria-hidden=\"true\"><\/i><a href=\"https:\/\/www.nunegal.com\/web\/nunefest-2020\/\"><\/a><\/div><div class=\"eael-entry-thumbnail \">\n                <img loading=\"lazy\" decoding=\"async\" width=\"647\" height=\"450\" src=\"https:\/\/www.nunegal.com\/web\/wp-content\/uploads\/2020\/02\/Nune-06.jpg\" class=\"attachment-medium_large size-medium_large wp-image-1422\" alt=\"Nunefest-Dec2022\" \/>\n            <\/div>\n        <\/div><div class=\"eael-entry-wrapper\"><header class=\"eael-entry-header\"><h2 class=\"eael-entry-title\"><a class=\"eael-grid-post-link\" href=\"https:\/\/www.nunegal.com\/web\/nunefest-2020\/\" title=\"Nunefest\">Nunefest<\/a><\/h2><\/header><div class=\"eael-entry-content\">\n                        <div class=\"eael-grid-post-excerpt\"><p>El Nunefest cobr\u00f3 vida un a\u00f1o m\u00e1s, reuniendo a todos...<\/p><a href=\"https:\/\/www.nunegal.com\/web\/nunefest-2020\/\" class=\"eael-post-elements-readmore-btn\">Ver noticia completa<\/a><\/div>\n                    <\/div><div class=\"eael-entry-footer\"><div class=\"eael-entry-meta\"><span class=\"eael-posted-on\"><time datetime=\"febrero 4, 2020\">febrero 4, 2020<\/time><\/span><\/div><\/div><\/div><\/div>\n        <\/div>\n    <\/article><\/div>\n            <div class=\"clearfix\"><\/div>\n        <\/div>\t\t\t\t<\/div>\n\t\t\t\t<\/div>\n\t\t\t\t\t<\/div>\n\t\t<\/div>\n\t\t\t\t\t<\/div>\n\t\t<\/section>\n\t\t\t\t<\/div>\n\t\t","protected":false},"excerpt":{"rendered":"<p>Nune News Desde Nunegal estamos orgullos de nuestros logros y de nuestro equipo, por lo que queremos compartir contigo las \u00faltimas novedades relacionadas con nuestro dia a d\u00eda Nunegal apuesta por el deporte Nos sentimos honrados por la publicaci\u00f3n de las leonas Ver noticia completa julio 21, 2021 El principal valor de una empresa somos [&hellip;]<\/p>\n","protected":false},"author":1,"featured_media":0,"parent":0,"menu_order":0,"comment_status":"closed","ping_status":"closed","template":"","meta":{"footnotes":""},"class_list":["post-56","page","type-page","status-publish","hentry"],"aioseo_notices":[],"jetpack_sharing_enabled":true,"_links":{"self":[{"href":"https:\/\/www.nunegal.com\/web\/wp-json\/wp\/v2\/pages\/56","targetHints":{"allow":["GET"]}}],"collection":[{"href":"https:\/\/www.nunegal.com\/web\/wp-json\/wp\/v2\/pages"}],"about":[{"href":"https:\/\/www.nunegal.com\/web\/wp-json\/wp\/v2\/types\/page"}],"author":[{"embeddable":true,"href":"https:\/\/www.nunegal.com\/web\/wp-json\/wp\/v2\/users\/1"}],"replies":[{"embeddable":true,"href":"https:\/\/www.nunegal.com\/web\/wp-json\/wp\/v2\/comments?post=56"}],"version-history":[{"count":48,"href":"https:\/\/www.nunegal.com\/web\/wp-json\/wp\/v2\/pages\/56\/revisions"}],"predecessor-version":[{"id":2738,"href":"https:\/\/www.nunegal.com\/web\/wp-json\/wp\/v2\/pages\/56\/revisions\/2738"}],"wp:attachment":[{"href":"https:\/\/www.nunegal.com\/web\/wp-json\/wp\/v2\/media?parent=56"}],"curies":[{"name":"wp","href":"https:\/\/api.w.org\/{rel}","templated":true}]}}